Let x(q) = 1. Let k(y) = 4*y + 7. Let s(r) = -k(r) + 5*x(r). Let c be s(0). List the prime factors of 9 + (c/3)/(26/(-117)).
2, 3
Suppose x + 16 = 4*x - 2*o, 2*x + 5*o + 21 = 0. Let t be (-80)/15*-33 - -2. Suppose 4*a - t = 2*a + x*u, -451 = -5*a + 2*u. List the prime factors of a.
7, 13
Suppose 2875 = 5*w - 2*w + 4*t, 959 = w + 2*t. Let h = 1716 - w. What are the prime factors of h?
3, 11, 23
Let x be -3 - 581/(-8) - (-9)/24. Suppose -t - 83 = -5*r, x = r + 3*r + t. What are the prime factors of r?
17
Suppose 614018 + 730451 = 159*j - 130*j. What are the prime factors of j?
7, 37, 179
Suppose 5*y - 3*g = 8076, -3*y + 6448 = y + 4*g. Suppose 0 = 4*s - 2*r + 396 - y, s = -3*r + 322. List the prime factors of s.
307
Let d = 10577 - -7809. What are the prime factors of d?
2, 29, 317
Let j = 683 - 680. Suppose -9 = 3*o, 4*a - j*o = 2439 + 790. List the prime factors of a.
5, 7, 23
Let q(t) = 3*t + 250. Let y(p) = -3*p - 249. Let x(m) = -3*q(m) - 4*y(m). Let b = -247 + 247. What are the prime factors of x(b)?
2, 3, 41
Suppose 11*p = 13*p + 202. Let u = p + 119. Let j(g) = g**3 - 18*g**2 + 13*g - 27. List the prime factors of j(u).
3, 23
What are the prime factors of ((480/50)/(-12))/(-4) + 714518/10?
2, 17863
Let v(n) = -4*n**3 + 14*n**2 - 11*n + 9. Let z(o) = -4*o**3 + 13*o**2 - 12*o + 8. Let q(m) = -6*v(m) + 5*z(m). List the prime factors of q(6).
2, 101
List the prime factors of ((-79428)/(-24))/(2/4)*66/22.
3, 6619
Let z(g) = 36*g**3 + 2*g**2 - 7*g - 70. What are the prime factors of z(8)?
2, 13, 709
Let u(n) = -211*n - 159. Let g be -2 + (-40)/19 - (-38)/361. List the prime factors of u(g).
5, 137
Let q be (209 - (1 + 2)) + 5 + -4. Let g = q + -36. List the prime factors of g.
3, 19
Let v(r) = 30953*r**2 + 145*r + 144. List the prime factors of v(-1).
2, 53, 73
Let s = 103 + -97. Suppose 3988 = s*y - 50. List the prime factors of y.
673
Let s = 18 - -43. List the prime factors of (5 - (8 - s))*(-1)/(-2).
29
Let k(w) be the first derivative of 295*w**4/4 + 8*w**3/3 - 5*w**2 + 3*w - 200. What are the prime factors of k(1)?
2, 37
Let j(s) = -s**2 + 40*s + 46. Let f be j(41). Suppose x + 3885 = -5*w + 11148, 15 = f*x. What are the prime factors of w?
2, 3, 11
Let j(v) = -2*v**3 - 12*v**2 + 14*v + 4. Let f be j(-7). Suppose 9 = 4*n + 21, -f*n - 3572 = -4*d. What are the prime factors of d?
2, 5, 89
Suppose 0*n = -5*n + 2*x + 211, -4*n - 4*x + 180 = 0. Suppose -y = -850 - 260. Suppose -n*z + y = -38*z. List the prime factors of z.
2, 3, 37
Let m be (-3)/(-9)*(3 + (-30120)/(-4)). Let h = m + -854. What are the prime factors of h?
1657
Let r(m) = 12*m**2 + 4*m - 9. Let h = 472 - 483. List the prime factors of r(h).
1399
Let y(s) = 499*s**2 - 15*s - 7. List the prime factors of y(-3).
7, 647
Suppose -5*p + 22491 = 3*r, -222*r + 227*r - 3*p = 37553. What are the prime factors of r?
7507
Let o = 45941 + -25985. What are the prime factors of o?
2, 3, 1663
Let d = -2699 + 6009. What are the prime factors of d?
2, 5, 331
Suppose 0 = 29*v - 213604 - 54704. List the prime factors of v.
2, 3, 257
Let b(i) = -16*i**3 + 17*i**2 - 4*i - 1. Let w be (-3)/(((0 - 4) + 3)*-1). What are the prime factors of b(w)?
2, 149
Suppose o = -0*o + 4. Let g be ((-24)/o)/(-6) - 134/(-1). Suppose -4*b - 48 = -3*a + 33, -g = -5*a + 3*b. What are the prime factors of a?
3
Let i be (33/(-15) + 1)/(2/(-905)). Let l = i - 45. Suppose -498 - l = -6*r. List the prime factors of r.
2, 83
Suppose -22 - 50 = -9*o. Suppose -3*a = -o*a. Suppose 5*l - 3*q + q - 128 = a, -5*q = -5*l + 125. List the prime factors of l.
2, 13
Suppose 84*d = 82*d + 17912. What are the prime factors of d?
2, 2239
Let n be (-11)/(3 - (9 - 5)). Suppose 0 = n*j - 2685 - 1803. What are the prime factors of j?
2, 3, 17
Let j = 590 - 2780. List the prime factors of (-3 + (-84)/(-35))/(2/j).
3, 73
Suppose 163*j = 165*j - 72. What are the prime factors of 26/(74/j - 2)?
2, 3, 13
What are the prime factors of 2483 - (12 - (1 + 23))?
5, 499
Let a be (5/10)/(2/(-44)). Let s be (-60 + 1/1)/((-52)/104). Let o = s + a. What are the prime factors of o?
107
Let n = -3756 + 3920. Let f(m) = -3*m**3 - 5*m**2 + 5*m + 6. Let r be f(-6). Suppose -8*p + r - n = 0. What are the prime factors of p?
5, 7
Suppose 158053 + 644697 = 19*r. What are the prime factors of r?
2, 5, 13
Suppose 5*n = -0*n + 4*m + 40465, 4*m - 32336 = -4*n. What are the prime factors of n?
8089
Let z(j) = -46*j - 2 + 50*j + j**3 - 22*j**2 + 6*j**2 + 4. List the prime factors of z(17).
359
Let b be 5188/(-28) - (-2)/7. Let c = 158 + -238. Let x = c - b. List the prime factors of x.
3, 5, 7
Suppose 0 = -2*p + 272 - 54. Let h = p - 109. What are the prime factors of 157 + -1 + 3 + h?
3, 53
What are the prime factors of (-13)/(-24 - 15)*209*51?
11, 17, 19
Suppose v - 6712 = -2*u, -u - 4232 = -2*v + 9167. List the prime factors of v.
2, 3, 1117
Let y be ((0/(-8))/1)/(-1). Suppose y = 24*r + 13479 - 37815. What are the prime factors of r?
2, 3, 13
What are the prime factors of (-4)/(-16) - (-15 - (-517914)/(-24))?
5, 7, 617
Suppose -4*g = 3*c - 1, 13 = -3*g - 10*c + 5*c. Suppose 4*x = 5*k + 1625, -x = 2*x + g*k - 1242. What are the prime factors of x?
2, 5, 41
Let d be (5 + (-13)/3)/((-4)/30). Let m(j) = -7*j**3 - 11*j**2 - 10*j - 17. List the prime factors of m(d).
3, 211
Let h(i) = 8016*i - 2829. List the prime factors of h(8).
3, 7, 139
Let g be (0 - (0 + 2)) + 12 + 7. Suppose g*p + 1061 = 6280. What are the prime factors of p?
307
Let w = -3863 - -4961. List the prime factors of w.
2, 3, 61
Let n(v) = -55 - 10 + 53*v - 23. List the prime factors of n(9).
389
Let x(m) = -m**3 + 28*m**2 + 2*m - 52. Let i be x(28). Suppose -170 = -i*n + 130. List the prime factors of n.
3, 5
Let r(q) = 16 + q**3 + 39*q - 2*q**2 - 13 - 30*q**2 - 21. List the prime factors of r(32).
2, 3, 5, 41
What are the prime factors of ((-3)/(6/(-568)))/((-307)/(-4912))?
2, 71
Let r(d) = -41*d + 278. Suppose 4*x - 4 = 4*y, 21*y + 1 = 20*y. What are the prime factors of r(x)?
2, 139
Let x(n) = 119*n**3 - 50*n**2 + 20*n - 60. What are the prime factors of x(4)?
2, 1709
Suppose -175*g = 149*g + 2559716 - 9714932. List the prime factors of g.
2, 5521
Let v(m) = 27*m + 231. Let w(a) = -a - 2. Let f(x) = v(x) + 18*w(x). What are the prime factors of f(27)?
2, 3, 73
Let t be (-18)/(-99) - (-1630)/(-11). Let c(h) = h**3 - 23*h**2 + 30*h + 24. Let b be c(21). Let s = t - b. List the prime factors of s.
2, 5
Let l = -18 + 18. Suppose j - 222 = -3*c - l*c, c - 220 = -j. List the prime factors of ((-2)/(-3))/(2/j).
73
What are the prime factors of 11 + -1 + (3 - -4543)?
2, 17, 67
Let z(d) = 5493*d + 334. List the prime factors of z(3).
17, 23, 43
Let u be (-2)/(-7) + 17580/14. Suppose -x + f - 279 = -u, -3*f = -4*x + 3906. What are the prime factors of x?
3, 5, 13
Let t be 10*(1/(-2) + 1). Suppose 0 = -9*c - t - 4. Let z(v) = -268*v**3 + 3*v**2 + 3*v + 1. What are the prime factors of z(c)?
269
Suppose 798*j - 800*j + 2*i + 10668 = 0, -2*j - 2*i = -10652. List the prime factors of j.
2, 5, 13, 41
Let f = -38 + 44. Let j(t) = t**3 + t**2 + t + 24. What are the prime factors of j(f)?
2, 3, 47
Let o(b) = -b**3 + 30*b**2 - 25*b + 40. Let h(w) = 2*w**2 - w + 1. Let t(y) = -4*h(y) + o(y). List the prime factors of t(21).
2, 3
Suppose 0 = -r - r + j + 879, -3*r - j + 1321 = 0. Let c = -314 + r. Let w = 235 - c. What are the prime factors of w?
109
Suppose 5*c = 4*z + z - 275, 2*z - 10 = 0. What are the prime factors of 260 + (-75)/c*8/(-6)?
2, 3, 43
Let z(w) = -5*w - 42. Let u be z(-9). Let x be ((-25)/(-10) - 0)/(u/(-6)). Let d = 21 - x. List the prime factors of d.
2, 13
Let j = 27894 + -3380. What are the prime factors of j?
2, 7, 17, 103
What are the prime factors of 98393/11 - (20/55)/(-2)*1?
5, 1789
Let l = 35 - 32. List the prime factors of (l - (-551)/(-3))/((-30)/135).
3, 271
Let s = -21086 - -105777. What are the prime factors of s?
84691
Let q(w) = 32*w**3 - 31*w**2 + 155*w - 9. What are the prime factors of q(7)?
3, 3511
Let c(v) = -56*v - 86. Let o(k) = -19*k - 29. Let f(z) = -2*c(z) + 7*o(z). Let q = -64 - -55. List the prime factors of f(q).
2, 79
Suppose 0*l + 10 = 5*l, 5*i + 4*l - 53 = 0. Suppose 2*z + i - 5 = 0, 2706 = 4*n + 3*z. What are the prime factors of n?
2, 3, 113
Let y be (-6 - -3 - 1)*-6